is the hundred millions digit of 139254939?
1
What is the billions digit of 7300566317?
7
What is the tens digit of 867790319?
1
What is the millions digit of 47020342?
7
What is the thousands digit of 65134125?
4
What is the hundred millions digit of 1959183200?
9
What is the thousands digit of 72469996?
9
What is the units digit of 3328645471?
1
What is the millions digit of 1822275?
1
What is the units digit of 817728590?
0
What is the hundred thousands digit of 2704670084?
6
What is the tens digit of 23691305?
0
What is the ten thousands digit of 2610367?
1
What is the ten thousands digit of 23242366?
4
What is the tens digit of 110144571?
7
What is the thousands digit of 799969103?
9
What is the thousands digit of 44327999?
7
What is the hundred thousands digit of 2838942440?
9
What is the millions digit of 377025550?
7
What is the hundred thousands digit of 61175770?
1
What is the tens digit of 3068828158?
5
What is the ten millions digit of 337531945?
3
What is the billions digit of 1425208098?
1
What is the millions digit of 162354644?
2
What is the ten thousands digit of 295390478?
9
What is the ten thousands digit of 217041788?
4
What is the hundred millions digit of 279778095?
2
What is the hundred thousands digit of 2545094928?
0
What is the tens digit of 7302936?
3
What is the ten thousands digit of 132293926?
9
What is the thousands digit of 903058478?
8
What is the ten millions digit of 2860940227?
6
What is the tens digit of 1414859438?
3
What is the millions digit of 1023055477?
3
What is the units digit of 49077036?
6
What is the ten thousands digit of 69237130?
3
What is the thousands digit of 27838003?
8
What is the units digit of 503587935?
5
What is the hundred thousands digit of 6021533778?
5
What is the tens digit of 5800164?
6
What is the units digit of 29268170?
0
What is the billions digit of 3010273582?
3
What is the tens digit of 179038953?
5
What is the millions digit of 1077221533?
7
What is the ten thousands digit of 184160638?
6
What is the thousands digit of 1138153321?
3
What is the ten millions digit of 1205018437?
0
What is the millions digit of 673562709?
3
What is the millions digit of 213961798?
3
What is the millions digit of 44847098?
4
What is the hundreds digit of 248047460?
4
What is the tens digit of 124200123?
2
What is the hundreds digit of 237598532?
5
What is the hundred thousands digit of 37538205?
5
What is the hundred thousands digit of 248316905?
3
What is the millions digit of 5244176406?
4
What is the hundred millions digit of 209741936?
2
What is the hundreds digit of 65956241?
2
What is the thousands digit of 74581431?
1
What is the ten thousands digit of 406860816?
6
What is the thousands digit of 102062433?
2
What is the hundreds digit of 357891581?
5
What is the billions digit of 1127761071?
1
What is the hundred thousands digit of 284595678?
5
What is the hundreds digit of 1230374227?
2
What is the hundreds digit of 2114928206?
2
What is the ten thousands digit of 699228635?
2
What is the millions digit of 98767663?
8
What is the tens digit of 40656536?
3
What is the ten thousands digit of 4846839?
4
What is the ten millions digit of 1998949423?
9
What is the hundred millions digit of 4063296252?
0
What is the hundred thousands digit of 248310343?
3
What is the thousands digit of 28746754?
6
What is the thousands digit of 100529597?
9
What is the hundred thousands digit of 706447164?
4
What is the ten thousands digit of 152325716?
2
What is the hundred thousands digit of 95770706?
7
What is the ten millions digit of 2174587257?
7
What is the thousands digit of 50748650?
8
What is the millions digit of 1993975085?
3
What is the units digit of 827232855?
5
What is the tens digit of 116331493?
9
What is the hundred thousands digit of 139667724?
6
What is the thousands digit of 10149188?
9
What is the hundreds digit of 120817708?
7
What is the thousands digit of 69949400?
9
What is the units digit of 376516470?
0
What is the ten thousands digit of 7403904?
0
What is the thousands digit of 103975440?
5
What is the tens digit of 167720906?
0
What is the ten millions digit of 105097744?
0
What is the hundred thousands digit of 25204516?
2
What is the ten millions digit of 612682084?
1
What is the hundreds digit of 2792471201?
2
What is the billions digit of 1427302017?
1
What is the units digit of 818173637?
7
What is the tens digit of 73658815?
1
What is the hundred thousands digit of 26945062?
9
What is the hundred millions digit of 1173814471?
1
What is the units digit of 3532622182?
2
What is the hundred thousands digit of 43057755?
0
What is the thousands digit of 2685149260?
9
What is the ten thousands digit of 517521203?
2
What is the millions digit of 1807542161?
7
What is the thousands digit of 498598375?
8
What is the ten millions digit of 79899294?
7
What is the hundreds digit of 5183002589?
5
What is the millions digit of 136263298?
6
What is the millions digit of 19634660?
9
What is the hundreds digit of 3913715231?
2
What is the hundred thousands digit of 5509621?
5
What is the thousands digit of 1405152228?
2
What is the hundred thousands digit of 133763451?
7
What is the ten millions digit of 18969978?
1
What is the ten thousands digit of 32990059?
9
What is the tens digit of 47484258?
5
What is the thousands digit of 689137580?
7
What is the hundreds digit of 191598234?
2
What is the units digit of 21710031?
1
What is the billions digit of 1445312326?
1
What is the thousands digit of 1489838981?
8
What is the thousands digit of 84760765?
0
What is the thousands digit of 716439690?
9
What is the hundred millions digit of 2570327834?
5
What is the thousands digit of 43067054?
7
What is the units digit of 5592681?
1
What is the tens digit of 273529344?
4
What is the hundreds digit of 2730071554?
5
What is the ten thousands digit of 2287393?
8
What is the hundred thousands digit of 856678280?
6
What is the ten millions digit of 19063960?
1
What is the millions digit of 41310380?
1
What is the units digit of 60806900?
0
What is the tens digit of 158019766?
6
What is the ten millions digit of 764212373?
6
What is the tens digit of 3809596231?
3
What is the thousands digit of 14989806?
9
What is the hundreds digit of 490388133?
1
What is the millions digit of 115759541?
5
What is the millions digit of 52235113?
2
What is the hundreds digit of 2249441938?
9
What is the ten thousands digit of 163245269?
4
What is the tens digit of 30229010?
1
What is the hundred thousands digit of 80623715?
6
What is the thousands digit of 126210012?
0
What is the hundred thousands digit of 6425799372?
7
What is the hundreds digit of 435770069?
0
What is the ten millions digit of 48792575?
4
What is the hundred thousands digit of 213282548?
2
What is the thousands digit of 71807248?
7
What is the units digit of 56064044?
4
What is the ten millions digit of 340148847?
4
What is the ten millions digit of 8954779610?
5
What is the hundred millions digit of 1242002566?
2
What is the hundred millions digit of 238677838?
2
What is the thousands digit of 7452480?
2
What is the units digit of 2494154038?
8
What is the millions digit of 66377959?
6
What is the hundred thousands digit of 45694087?
6
What is the tens digit of 2982944222?
2
What is the hundreds digit of 67375513?
5
What is the hundreds digit of 51627614?
6
What is the billions digit of 1094400078?
1
What is the units digit of 58519278?
8
What is the thousands digit of 192174703?
4
What is the ten millions digit of 1038338206?
3
What is the hundred thousands digit of 3427877645?
8
What is the ten thousands digit of 355369403?
6
What is the hundred thousands digit of 1067681176?
6
What is the millions digit of 52010174?
2
What is the hundred thousands digit of 37096389?
0
What is the units digit of 2553891?
1
What is the ten millions digit of 3123375320?
2
What is the billions digit of 1194485318?
1
What is the millions digit of 68951123?
8
What is the hundreds digit of 96993209?
2
What is the units digit of 44780404?
4
What is the hundred thousands digit of 92218277?
2
What is the thousands digit of 5841985541?
5
What is the millions digit of 14762709?
4
What is the hundred thousands digit of 407289171?
2
What is the tens digit of 28094827